 be -2*2/((-4)/n). What is the highest common divisor of y and q?
9
Let g = -24 - -27. What is the highest common factor of g and 1?
1
Suppose 4*p = f + 284, -84 = -2*p + f + 56. Calculate the highest common divisor of 24 and p.
24
Suppose f - 5*c = -0*f - 13, -2*f - c = -7. Suppose 4*o + f*k - 83 = 7*k, 5*k - 93 = -4*o. Calculate the greatest common factor of 11 and o.
11
Let x be -1 + 3 + 1 + 2. Suppose -2*f = -x - 17. What is the highest common factor of 77 and f?
11
Let u be (8 - 0)*(-237)/(-12). Let j = -4 + u. What is the greatest common factor of 14 and j?
14
Let j be 3 - (-1 + -1 + (-3 - -2)). Calculate the highest common factor of j and 6.
6
Let l(k) = k**3 - 7*k**2 - k + 5. Let m be l(7). Let a(z) = 24*z**2 + z. Let w be a(-1). Let f = w + m. What is the highest common factor of 147 and f?
21
Let b = 1 - -1. Suppose -b*k = -5 - 5. Suppose 5*p - 2*w - 18 = 0, -k*p + 3*w + 22 = -0*w. What is the greatest common factor of p and 1?
1
Suppose 5*s = 34 + 96. What is the highest common factor of 104 and s?
26
Let h = -28 + 16. Let a = -7 - h. Let d = a + -4. Calculate the highest common divisor of d and 8.
1
Let u(s) = -s - 5. Let t be u(-5). Let w(f) = f**3 + f**2 + 21. Let i be w(t). Calculate the greatest common divisor of i and 21.
21
Suppose 5*y = -4*n + 65, -14 = -y - 2*n - 1. Suppose -y = s - 2*s. Suppose o - 101 = -s. Calculate the highest common divisor of o and 11.
11
Let w(a) = -2*a**3 - 2. Let u be w(-2). Let i be 622/4 + 21/(-14). Calculate the highest common divisor of i and u.
14
Let z = -10 + 16. Let b(k) = 17*k + 5. Let h be b(5). Suppose -h = -g - 2*g. Calculate the highest common factor of g and z.
6
Let h be 2/(-6) - (-62)/6. What is the highest common divisor of h and 15?
5
Let c be (-2)/((9/33)/(-3)). Let n be 2 + 8/(-2) - -67. Suppose 5*z = n + 210. Calculate the greatest common divisor of z and c.
11
Let q(x) = 4*x**2 + 31*x. Let b be q(-14). Calculate the highest common divisor of 50 and b.
50
Suppose -3*x - 1 = 2. Let d be 1 - x - 0 - -4. Suppose -d*v + 2*v = -96. Calculate the greatest common factor of 16 and v.
8
Suppose 13 = 2*d - z, 4*z + z - 25 = -5*d. Let k be d + -1 - 6/3. Calculate the highest common factor of 24 and k.
3
Let z be 5 + -1*(-2 + 5). Suppose f - z*f = -2. Calculate the greatest common factor of f and 14.
2
Let y(m) = -m**3 - 4*m**2 - 3*m + 5. Let x be y(-4). Calculate the greatest common factor of x and 34.
17
Let i(l) = 2*l**2 - 2*l - 2. Let m be i(2). Suppose -10 = c - 5*a - 130, 0 = -c - m*a + 92. Calculate the greatest common factor of 40 and c.
20
Let a(v) = v**2 - 6*v + 3. Let s be a(6). Let d be s + -1 + 6 + 11. Let c be (-36 - 2)*2/(-4). Calculate the highest common divisor of d and c.
19
Let j(v) = 62*v**2 - 2*v + 1. Let t be j(2). Calculate the highest common divisor of t and 35.
35
Let o be -5 - 856/(-28) - (-12)/(-21). Calculate the greatest common factor of 225 and o.
25
Suppose -5*u + 108 = 4*u. Calculate the highest common factor of u and 36.
12
Let a(u) = -u**3 - 10*u**2 - 11*u + 9. Let x be a(-9). What is the greatest common factor of 9 and x?
9
Let t = 9 - -1. What is the greatest common factor of 110 and t?
10
Let s(m) = m. Let j(k) = 4*k**2 + 12*k - 4. Let y(g) = -j(g) + 16*s(g). Let w be y(-4). Let u = w - -125. What is the highest common divisor of 7 and u?
7
Let c(j) = -j**3 + 7*j**2 + 2*j - 3. Let r be c(5). Calculate the highest common divisor of r and 19.
19
Suppose 5*h - 13 + 3 = 0. What is the highest common divisor of 16 and h?
2
Suppose -s = -4*s - 27. Let w = s - -18. What is the greatest common factor of w and 9?
9
Let t = 42 - 16. Calculate the highest common factor of 65 and t.
13
Let g(j) = -j**3 - 8*j**2 + 2*j + 6. Let z be g(-6). Let b = -43 - z. Suppose -46 = -3*o - 2*n, o - 5*n = -n + 6. What is the highest common factor of b and o?
7
Let h be 3*((-18)/3 - 1). Let c = 33 + h. Calculate the greatest common factor of 6 and c.
6
Suppose -36 = -7*b + 5*b. What is the greatest common factor of 126 and b?
18
Let i be (-10)/6*(2 + -23). What is the greatest common factor of i and 5?
5
Let g = 21 - 20. Calculate the highest common divisor of g and 10.
1
Let q(t) = -t**2 + 8*t - 9. Let o be q(6). Suppose o*j - n = 45, 4*j = 2*n - 4 + 64. Suppose 0 = m - 3*m + 30. What is the highest common divisor of j and m?
15
Let c = 19 + -19. Suppose 5*j - 14 = -l, 4*l - j = -c*j + 161. Let t(m) = -4*m + 1. Let i be t(-3). What is the greatest common divisor of l and i?
13
Let r(p) = -7*p - 1. Let d be r(-1). Suppose -5*q + 5*z = -5, -d*z = q - 2*z - 21. What is the greatest common divisor of q and 25?
5
Let q = -45 - -53. What is the greatest common divisor of 8 and q?
8
Let v = 155 - 101. What is the highest common factor of v and 81?
27
Let g = -27 + 34. Calculate the highest common factor of 7 and g.
7
Let g be -2*2*1 - (-9 + -3). What is the highest common factor of 1 and g?
1
Let l = 57 + -27. What is the greatest common factor of 15 and l?
15
Let p(t) = -8*t - 1. Let i be p(-1). Let b = 13 - -50. Calculate the highest common factor of b and i.
7
Let z = -13 + 16. Suppose 0 = 3*s - z*m - 18, 5*s + 0*m - 66 = -4*m. Calculate the highest common divisor of s and 70.
10
Suppose 37 = 2*k + 7. Let b be (60/(-7))/(2*2/(-56)). Calculate the greatest common divisor of b and k.
15
Suppose t = 4*m - 58, 0 = 2*m - 2*t + 5*t - 22. Let j be (-4)/(-6) - (-584)/6. What is the greatest common divisor of j and m?
14
Suppose -2*x - 2*x = 12. Let t be 2/1*(-1)/2. Let y = t - x. Calculate the greatest common factor of 10 and y.
2
Let a(q) = 5*q + 2. Let b(k) = -k. Let d(c) = a(c) + 4*b(c). Let y = 1 + -1. Let m be d(y). What is the highest common factor of 6 and m?
2
Suppose -2*x + 8*x - 60 = 0. Suppose 316 = -3*j + 4*q, j - 101 = 2*j + 3*q. Let r = 174 + j. Calculate the greatest common factor of r and x.
10
Let g(c) = c**2 + 7. Let r be g(0). Let d be 0*(-1 + 2/4). Suppose d = 2*p + 5*f - 9 - 93, -p + 54 = f. Calculate the highest common factor of p and r.
7
Let y be 1 - (7 - 2)*-1. Let c be 28 - (-2)/y*0. Calculate the highest common factor of c and 14.
14
Suppose 4*u + u = 100. What is the highest common factor of u and 50?
10
Suppose -5*u = -24 - 21. Calculate the greatest common divisor of u and 3.
3
Let x = 11 - 6. Suppose -z + 74 = 5*m, 2*z - x*z = -4*m + 44. Let l be 115 + (-7 + 1)/2. Calculate the greatest common divisor of m and l.
14
Let z(w) = -6*w + 3. Let k(s) = -3*s + 1. Let p(o) = -7*k(o) + 4*z(o). Let g be p(-5). Calculate the greatest common divisor of g and 10.
10
Let m(v) = v - 1. Let x(r) = -10*r + 13. Let q(k) = 4*m(k) + x(k). Let w be q(-7). Calculate the greatest common factor of w and 17.
17
Suppose 4*y = -12 + 40. Suppose 10 + 0 = 2*c. Suppose -16 = -c*z + 19. Calculate the highest common factor of y and z.
7
Let a(d) = 2*d**2 + 5*d + 12. Let q be a(-8). What is the highest common divisor of 25 and q?
25
Let j = 3 + -3. Let d be -5*(-1 + -2) - j. Let l be 326/22 + 4/22. What is the greatest common factor of l and d?
15
Let x = -6 + 4. Let w be (-8)/x - 3/(-1). What is the greatest common factor of w and 1?
1
Suppose 4*f = 20, -f + 2 + 5 = m. Suppose u - 26 = 2*u - 4*y, u = -4*y - 34. Let q be (-258)/u + m/5. Calculate the greatest common factor of 6 and q.
3
Let f(q) = q**2 + 7*q + 9. Let g = 5 + -11. Let r be f(g). Suppose x + 0*x + v - 27 = 0, -2*x - r*v = -55. What is the greatest common divisor of x and 13?
13
Let q be (0 + (-6)/(-10))*10. Suppose -3*g + d + 15 = 0, -q*g + 2*g + 3*d + 20 = 0. What is the highest common factor of g and 25?
5
Suppose -d = -2*d - 105. Let t be (72/(-27))/(2/d). Let b be t/18 - (-4)/18. What is the greatest common factor of b and 32?
8
Let z be (6/(-4))/((21/14)/(-3)). Calculate the highest common factor of 33 and z.
3
Let p(z) = -6*z - 1. Let a be p(-1). Suppose 0*o + 2*o + 8 = 0. Let y = o - -6. What is the greatest common divisor of a and y?
1
Suppose 3*d + z - 486 = -118, -509 = -4*d - 5*z. Calculate the greatest common factor of d and 11.
11
Suppose 16 = j - 12. Suppose -3*m + j = -m. Calculate the highest common factor of 84 and m.
14
Suppose h = 3*h. Let t be (h - -1)*(235 + 1). Suppose -3*y = -52 - t. Calculate the highest common divisor of 12 and y.
12
Let w be 4/(-10) - 846/(-15). Calculate the highest common factor 